 43*t**2 + 19*t + 1214. What is u(-7)?
3
Let w(d) = 2*d**2 + 12*d - 25. Give w(2).
7
Let f(d) = -d**2 + 54*d + 289. Determine f(-5).
-6
Let c(y) = y**3 + 70*y**2 - 74*y - 212. What is c(-71)?
1
Let v(c) = 10*c**3 - 288*c**2 - 63*c + 77. Determine v(29).
-68
Let f(o) = 20*o + 4. Calculate f(-2).
-36
Let g(j) = -67*j + 807. Calculate g(12).
3
Let o(q) = -485*q - 18421. Calculate o(-38).
9
Let l(s) = -s**2 + 104*s - 581. Calculate l(6).
7
Let x(n) = n**2 - 20*n + 53. What is x(16)?
-11
Let o(f) = -40*f + 3025. What is o(76)?
-15
Let l(h) = 231*h - 22170. Give l(96).
6
Let s(w) = 250*w + 2019. Give s(-8).
19
Let u(h) = -7*h**2 - 15*h - 40. Give u(-4).
-92
Let q(l) = -683*l - 4143. What is q(-6)?
-45
Let t(o) = -69*o - 4293. Calculate t(-62).
-15
Let h(o) = 4*o - 136. What is h(-13)?
-188
Let s(j) = -j**2 - 31*j + 115. Determine s(5).
-65
Let q(a) = 244*a - 6111. Give q(25).
-11
Let p(w) = 3049*w + 3034. Determine p(-1).
-15
Let g(b) = b**2 + 143*b + 1801. Give g(-129).
-5
Let c(b) = 96*b - 189. Calculate c(5).
291
Let b(f) = f**2 + 6*f + 21. Determine b(6).
93
Let b(m) = 2*m**2 - 161*m + 2575. Calculate b(22).
1
Let c(p) = -p**3 - p**2 - 131*p + 113. Give c(0).
113
Let n(b) = b**2 - 30*b - 552. Calculate n(43).
7
Let n(k) = -k**2 + 240*k + 929. What is n(-4)?
-47
Let u(l) = -l**3 + 10*l**2 - 9*l + 101. What is u(10)?
11
Let d(i) = -91*i - 249. Calculate d(-3).
24
Let w(r) = 7*r + 384. What is w(-64)?
-64
Let i(g) = -g**3 - 34*g**2 + 24*g - 255. Calculate i(-35).
130
Let f(n) = -4*n**3 + n**2 - 19*n + 44. Determine f(3).
-112
Let z(v) = 2*v**3 - 18*v**2 + 38*v - 39. Calculate z(6).
-27
Let o(c) = 865*c - 6. Determine o(0).
-6
Let z(h) = -h**3 - 13*h**2 - 33*h + 51. Determine z(-8).
-5
Let p(o) = 5*o**3 - 46*o**2 - o + 55. Give p(9).
-35
Let p(h) = -496*h + 251. What is p(1)?
-245
Let x(z) = -z**3 - 12*z**2 - 14*z - 72. Determine x(-8).
-216
Let y(d) = 49*d - 1152. Give y(33).
465
Let d(k) = -38*k**2 - 79*k - 1. What is d(-2)?
5
Let c(g) = g**3 + 72*g**2 - 157*g + 11. Determine c(2).
-7
Let d(h) = 2*h**2 - 7165*h + 35767. Calculate d(5).
-8
Let c(b) = 3*b**3 + 2*b**2 + 40*b + 124. What is c(-3)?
-59
Let j(h) = -2*h**2 + 40*h + 83. Calculate j(22).
-5
Let b(p) = -476*p + 16189. Calculate b(34).
5
Let h(k) = -k - 244. Calculate h(4).
-248
Let f(w) = -w + 34. What is f(5)?
29
Let i(x) = 2911*x + 96049. Calculate i(-33).
-14
Let r(y) = -5*y - 17. Calculate r(-4).
3
Let d(t) = 2*t**2 - 12*t - 13. What is d(-7)?
169
Let u(y) = y**2 - 44*y + 451. Calculate u(29).
16
Let u(a) = -2*a - 62. Give u(-19).
-24
Let a(d) = -2*d**2 - 82*d - 749. Calculate a(-27).
7
Let z(v) = 17*v**3 - 2*v**2 + 2*v. What is z(2)?
132
Let n(t) = t**2 + 14*t - 26. What is n(-23)?
181
Let m(q) = 76*q + 1153. Give m(-17).
-139
Let m(n) = -n**3 + n**2 + 71*n + 84. Determine m(-6).
-90
Let o(l) = -l**2 - 7*l + 25. Give o(4).
-19
Let p(h) = h**2 + 340*h - 1042. Determine p(3).
-13
Let o(n) = 713*n - 5079. Give o(7).
-88
Let l(g) = -6*g**2 - 51*g - 36. Give l(-8).
-12
Let g(u) = 146*u + 523. Calculate g(-2).
231
Let v(f) = -8*f**2 + 21*f + 107. Determine v(-4).
-105
Let o(z) = 91*z - 1597. What is o(17)?
-50
Let q(h) = 19*h - 555. Calculate q(11).
-346
Let x(a) = -2*a**3 - 185*a**2 - 274*a - 92. Give x(-91).
-1
Let w(y) = -2*y**3 + 27*y**2 + 20*y + 15. Give w(14).
99
Let r(a) = a**3 + 30*a**2 + 87*a - 410. What is r(-26)?
32
Let h(l) = -180*l - 902. Give h(-5).
-2
Let a(r) = -2*r**3 - 82*r**2 - 3*r - 117. Determine a(-41).
6
Let m(p) = p**3 + 44*p**2 - 46*p - 93. What is m(-45)?
-48
Let t(v) = -v**3 + 3*v**2 - 15*v - 6. What is t(-5)?
269
Let n(m) = -6*m**2 + 63*m + 31. What is n(11)?
-2
Let c(n) = -6*n**2 + 271*n + 3322. Calculate c(-10).
12
Let r(n) = -n**2 + 23*n + 26. What is r(31)?
-222
Let c(d) = d**3 + 5*d**2 - 125*d + 16. Determine c(9).
25
Let q(v) = -2*v**3 - 75*v**2 + 199*v + 50. What is q(-40)?
90
Let w(j) = j**3 - 41*j**2 - 36*j - 452. Determine w(42).
-200
Let a(g) = -g**3 - 26*g**2 - 24*g + 32. What is a(-25)?
7
Let m(u) = -18*u**2 - 219*u - 50. Give m(-12).
-14
Let u(k) = k**3 + 110*k**2 - 122*k - 1215. Give u(-111).
6
Let x(h) = 11*h**2 - 32*h + 14. Calculate x(1).
-7
Let g(f) = 15*f**3 - 61*f**2 + 61*f. Determine g(1).
15
Let x(f) = -3*f - 169. What is x(-8)?
-145
Let d(r) = 3*r**3 + 92*r**2 + 530*r + 20. Calculate d(-23).
-3
Let y(i) = -12*i**2 - 266*i - 1593. Calculate y(-6).
-429
Let r(g) = -231*g**2 - 1347*g + 216. Calculate r(-6).
-18
Let x(a) = -17*a + 796. Determine x(51).
-71
Let v(l) = 23*l - 20. Give v(-4).
-112
Let f(n) = 234*n + 238. Give f(-1).
4
Let q(d) = 13*d**2 - 59*d + 13. What is q(4)?
-15
Let y(v) = -v**2 - 23*v + 49. What is y(-25)?
-1
Let k(n) = 45*n + 13. What is k(-7)?
-302
Let i(q) = q**3 - 23*q**2 - 25*q + 31. Give i(24).
7
Let i(m) = -1336*m - 2563. Give i(-2).
109
Let g(l) = 111*l**3 + 4*l**2 + 206*l + 204. What is g(-1)?
-109
Let z(f) = -52*f + 569. Give z(23).
-627
Let w(a) = 6*a**2 + 37*a + 5. Give w(-6).
-1
Let r(h) = -2*h**3 - 13*h**2 - 20*h. What is r(-2)?
4
Let w(s) = -346*s + 2422. What is w(7)?
0
Let c(b) = -b**3 + 3*b**2 + 12*b - 5. Determine c(0).
-5
Let c(i) = -4*i**2 - 7*i + 131. Give c(-7).
-16
Let u(r) = r**3 + 12*r**2 + 26*r + 32. Give u(-9).
41
Let m(g) = -g**3 - 3*g**2 + 8*g + 38. Calculate m(4).
-42
Let v(i) = -49*i + 322. Determine v(6).
28
Let r(v) = v**3 + 64*v**2 + 55*v - 506. Calculate r(-63).
-2
Let a(j) = -443*j - 4431. What is a(-10)?
-1
Let d(x) = -x**2 + 2300*x - 25194. Calculate d(11).
-15
Let h(w) = -3*w**2 - 325*w + 4374. Give h(12).
42
Let a(m) = -248*m - 4961. Calculate a(-20).
-1
Let y(h) = 19*h - 235. What is y(-15)?
-520
Let s(x) = x**3 - 17*x**2 + 40*x + 26. Calculate s(14).
-2
Let a(g) = -3*g**2 + 220*g + 689. Give a(77).
-158
Let r(k) = -k**2 - 31*k - 236. Give r(-16).
4
Let u(h) = -3*h**3 - 11*h**2 - 8*h + 9. Calculate u(-5).
149
Let s(d) = -2553*d + 22970. Give s(9).
-7
Let k(w) = -156*w - 1081. What is k(-7)?
11
Let t(s) = 3*s**3 + 3*s**2 - 13*s - 10. Give t(4).
178
Let k(u) = 148*u**3 - 4*u + 5. Calculate k(1).
149
Let f(k) = -20*k + 660. What is f(29)?
80
Let b(r) = -350*r - 9093. What is b(-26)?
7
Let k(n) = n**3 - 4*n**2 + 7*n - 21. Give k(3).
-9
Let a(i) = 2*i - 121. What is a(56)?
-9
Let g(a) = a**3 + 9*a**2 - 83*a - 684. Give g(-11).
-13
Let o(g) = -108*g + 265. Calculate o(2).
49
Let x(a) = -a**3 + 72*a**2 - 444*a - 71. Give x(7).
6
Let y(z) = 2*z**3 + 12*z**2 - 85*z - 511. Calculate y(-6).
-1
Let m(o) = 5055*o + 15154. What is m(-3)?
-11
Let b(y) = -y**2 + 159*y + 823. Give b(-5).
3
Let x(f) = -f**3 + 27*f**2 + 127*f + 1120. Determine x(32).
64
Let x(a) = -14*a**2 - 2*a + 5. What is x(-3)?
-115
Let k(j) = j**3 - 8*j**2 + 27*j - 20. Determine k(7).
120
Let o(w) = -35*w**2 - 7*w - 8. What is o(-2)?
-134
Let h(r) = 426*r + 8093. Calculate h(-19).
-1
Let j(h) = h**3 - 23*h**2 - 79*h + 39. Calculate j(26).
13
Let q(d) = -d**3 - 13*d**2 - 16*d - 34. Calculate q(-11).
-100
Let r(w) = -3*w**3 + w**2 - 20*w - 39. Calculate r(-2).
29
Let d(l) = 204*l - 6. Calculate d(4).
810
Let k(n) = -2*n**3 + 50*n**2 - 269*n - 46. Give k(17).
5
Let z(g) = 982*g + 1955. Give z(-2).
-9
Let k(l) = -4*l**3 + 20*l**2 + 22*l + 3. Determine k(6).
-9
Let w(m) = 28*m - 648. Give w(22).
-32
Let s(o) = o**3 - 19*o**2 - 29*o - 21. What is s(20)?
-201
Let l(a) = 3*a**2 - 363*a + 718. Give l(2).
4
Let j(a) = 431*a**2 + 44*a + 44. Calculate j(-1).
431
Let j(r) = 3*r**3 + 380*r**2 + 988*r - 499. What is j(-124)?
-3
Let z(b) = -209*b + 2052. What is z(10)?
-38
Let u(q) = -4*q**2 - 456*q - 891. What is u(-112)?
5
Let p(g) = -2*g**2 + 75*g - 232. What is p(31)?
171
Let l(p) = 103*p**2 - 55*p - 55. What is l(-1)?
103
Let v(w) = -110*w**2 + 1092*w + 81. Calculate v(10).
1
Let t(s) = -10*s - 653. Give t(-64).
-13
Let w(t) = 11*t**3 + 46*t**2 + 66*t + 21. Determine w(-1).
-10
Let i(p) = -p**3 + 7*p**2 + 52*p - 309. Give i(9).
-3
Let z(k) = 24*k - 328. What is z(14)?
8
Let k(v) = 5*v**2 - 674*v + 613. Give k(134).
77
Let d(m) = m**3 + 79*m**2 + 303*m + 232. Determine d(-75).
7
Let x(r) = -4*r**2 + 35*r + 28. What is x(15)?
-347
Let x(d) = -d**3 - 29*d**2 + 197*d + 5002. Give x(-30).
-8
Let c(z) = -8504*z - 144562. What is c(-17)?
6
Let t(o) = -3*o + 38. Calculate t(6).
20
Let n(l) = 37*l - 860. Calculate n(13).
-379
Let t(o) = -o**3 + 